ainder when 4010 is divided by 59?
57
What is the remainder when 261 is divided by 39?
27
Calculate the remainder when 385 is divided by 82.
57
What is the remainder when 741 is divided by 69?
51
Calculate the remainder when 1186 is divided by 132.
130
Calculate the remainder when 154 is divided by 62.
30
What is the remainder when 151 is divided by 128?
23
What is the remainder when 1928 is divided by 10?
8
Calculate the remainder when 482 is divided by 61.
55
What is the remainder when 370 is divided by 53?
52
What is the remainder when 209 is divided by 33?
11
What is the remainder when 2850 is divided by 143?
133
What is the remainder when 2599 is divided by 26?
25
What is the remainder when 1574 is divided by 521?
11
What is the remainder when 834 is divided by 293?
248
Calculate the remainder when 99 is divided by 17.
14
Calculate the remainder when 66 is divided by 12.
6
What is the remainder when 2585 is divided by 199?
197
Calculate the remainder when 363 is divided by 58.
15
Calculate the remainder when 834 is divided by 12.
6
What is the remainder when 11 is divided by 7?
4
Calculate the remainder when 4175 is divided by 144.
143
What is the remainder when 186 is divided by 47?
45
Calculate the remainder when 292 is divided by 37.
33
What is the remainder when 294 is divided by 23?
18
What is the remainder when 2006 is divided by 294?
242
Calculate the remainder when 684 is divided by 100.
84
Calculate the remainder when 5169 is divided by 235.
234
What is the remainder when 874 is divided by 204?
58
What is the remainder when 390 is divided by 382?
8
What is the remainder when 3163 is divided by 88?
83
What is the remainder when 73 is divided by 7?
3
What is the remainder when 261 is divided by 6?
3
Calculate the remainder when 5208 is divided by 27.
24
Calculate the remainder when 30 is divided by 3.
0
Calculate the remainder when 1916 is divided by 321.
311
What is the remainder when 95 is divided by 32?
31
Calculate the remainder when 2215 is divided by 74.
69
What is the remainder when 59003 is divided by 181?
178
Calculate the remainder when 2465 is divided by 309.
302
What is the remainder when 2474 is divided by 21?
17
What is the remainder when 5659 is divided by 149?
146
Calculate the remainder when 4695 is divided by 180.
15
Calculate the remainder when 2012 is divided by 287.
3
Calculate the remainder when 413 is divided by 87.
65
Calculate the remainder when 654 is divided by 41.
39
What is the remainder when 74 is divided by 44?
30
Calculate the remainder when 59 is divided by 35.
24
Calculate the remainder when 802 is divided by 220.
142
Calculate the remainder when 227 is divided by 209.
18
What is the remainder when 375 is divided by 63?
60
Calculate the remainder when 595 is divided by 15.
10
Calculate the remainder when 17 is divided by 14.
3
What is the remainder when 486 is divided by 204?
78
Calculate the remainder when 109 is divided by 57.
52
Calculate the remainder when 1169 is divided by 285.
29
Calculate the remainder when 36 is divided by 20.
16
Calculate the remainder when 173 is divided by 42.
5
What is the remainder when 3063 is divided by 8?
7
Calculate the remainder when 1946 is divided by 27.
2
Calculate the remainder when 107 is divided by 6.
5
Calculate the remainder when 5057 is divided by 11.
8
Calculate the remainder when 46 is divided by 39.
7
Calculate the remainder when 192 is divided by 20.
12
Calculate the remainder when 534 is divided by 27.
21
What is the remainder when 16517 is divided by 12?
5
What is the remainder when 393 is divided by 168?
57
What is the remainder when 149 is divided by 51?
47
What is the remainder when 28 is divided by 22?
6
Calculate the remainder when 258 is divided by 24.
18
What is the remainder when 1797 is divided by 12?
9
Calculate the remainder when 489 is divided by 62.
55
Calculate the remainder when 149 is divided by 30.
29
What is the remainder when 669 is divided by 28?
25
Calculate the remainder when 224 is divided by 45.
44
What is the remainder when 3819 is divided by 49?
46
What is the remainder when 186 is divided by 61?
3
Calculate the remainder when 128 is divided by 9.
2
What is the remainder when 567 is divided by 14?
7
What is the remainder when 1929 is divided by 70?
39
What is the remainder when 11199 is divided by 3?
0
What is the remainder when 222 is divided by 28?
26
Calculate the remainder when 52 is divided by 11.
8
What is the remainder when 908 is divided by 182?
180
Calculate the remainder when 1318 is divided by 439.
1
What is the remainder when 174 is divided by 53?
15
What is the remainder when 10259 is divided by 10?
9
What is the remainder when 12 is divided by 3?
0
Calculate the remainder when 49 is divided by 3.
1
What is the remainder when 51 is divided by 29?
22
What is the remainder when 128 is divided by 12?
8
Calculate the remainder when 182 is divided by 169.
13
What is the remainder when 257 is divided by 37?
35
Calculate the remainder when 1644 is divided by 25.
19
Calculate the remainder when 4677 is divided by 65.
62
Calculate the remainder when 5862 is divided by 84.
66
Calculate the remainder when 243 is divided by 126.
117
Calculate the remainder when 476 is divided by 18.
8
Calculate the remainder when 671 is divided by 32.
31
What is the remainder when 68 is divided by 26?
16
What is the remainder when 724 is divided by 29?
28
What is the remainder when 1101 is divided by 441?
219
What is the remainder when 6885 is divided by 28?
25
What is the remainder when 3638 is divided by 174?
158
Calculate the remainder when 720 is divided by 38.
36
What is the remainder when 4252 is divided by 115?
112
What is the remainder when 692 is divided by 87?
83
What is the remainder when 357 is divided by 12?
9
What is the remainder when 25 is divided by 13?
12
Calculate the remainder when 22 is divided by 11.
0
Calculate the remainder when 12607 is divided by 134.
11
What is the remainder when 266 is divided by 52?
6
Calculate the remainder when 1054 is divided by 44.
42
Calculate the remainder when 1221 is divided by 134.
15
What is the remainder when 117 is divided by 63?
54
Calculate the remainder when 197 is divided by 67.
63
What is the remainder when 2320 is divided by 86?
84
Calculate the remainder when 3667 is divided by 3659.
8
Calculate the remainder when 42 is divided by 33.
9
Calculate the remainder when 189 is divided by 49.
42
What is the remainder when 1670 is divided by 21?
11
What is the remainder when 2096 is divided by 369?
251
What is the remainder when 4047 is divided by 311?
4
Calculate the remainder when 495 is divided by 488.
7
What is the remainder when 3321 is divided by 661?
16
What is the remainder when 50 is divided by 4?
2
Calculate the remainder when 79 is divided by 31.
17
What is the remainder when 935 is divided by 24?
23
Calculate the remainder when 34 is divided by 14.
6
Calculate the remainder when 981 is divided by 971.
10
Calculate the remainder when 501 is divided by 8.
5
What is the remainder when 141 is divided by 96?
45
What is the remainder when 1046 is divided by 345?
11
What is the remainder when 1533 is divided by 16?
13
What is the remainder when 26 is divided by 6?
2
Calculate the remainder when 442 is divided by 90.
82
Calculate the remainder when 3468 is divided by 85.
68
What is the remainder when 148 is divided by 79?
69
What is the remainder when 439 is divided by 43?
9
What is the remainder when 1029 is divided by 14?
7
What is the remainder when 70 is divided by 8?
6
What is the remainder when 198 is divided by 16?
6
Calculate the remainder when 196 is divided by 8.
4
What is the remainder when 6900 is divided by 1149?
6
What is the remainder when 468 is divided by 95?
88
What is the remainder when 725 is divided by 125?
100
Calculate the remainder when 277 is divided by 49.
32
What is the remainder when 112 is divided by 40?
32
Calculate the remainder when 9372 is divided by 91.
90
Calculate the remainder when 969 is divided by 479.
11
Calculate the remainder when 529 is divided by 182.
165
Calculate the remainder when 981 is divided by 37.
19
What is the remainder when 325 is divided by 66?
61
Calculate the remainder when 481 is divided by 239.
3
Calculate the rem